 -h*a + 3 + a + 0*a**2 + 6*a - a**2. Determine w(p).
7
Let t(h) = -h**3 - 6*h**2 - h + 8. Suppose r - 10 - 12 = 0. Let i be (-86)/(-18) + (-2)/(-9). Suppose 3*y = -d - r, -3*y + 10 = -8*y + i*d. What is t(y)?
14
Let j(g) be the first derivative of -g**4/4 - g**3/3 - 3*g**2/2 - 2*g - 281. Give j(-2).
8
Let o(v) = 3*v - 6. Let p be o(2). Let g(x) be the third derivative of x**5/60 + 8*x**3/3 - 20*x**2 - 2*x. Give g(p).
16
Let u = -10 - -16. Suppose 0 = -3*q + q + u. Let c(m) = -m**3 + m**2 + 2*m + 5. Let i(h) = -h**3 + h**2 + 2*h + 6. Let g(y) = 4*c(y) - 3*i(y). Give g(q).
-10
Let q(b) = -b**3 + b**2 + b + 1. Let y(n) = -2*n**3 + 3*n**2 + 2*n + 3. Let d = 22 + -27. Let h(c) = d*q(c) + 2*y(c). Give h(-2).
-1
Let t(w) be the second derivative of w**3/2 - 19*w + 2. What is t(-6)?
-18
Let t(n) = -122453*n - 17*n**2 + 122466*n + 2*n**2 + n**3 - 11. Give t(14).
-25
Let x(r) be the second derivative of -r**3/3 - 3*r**2 + 3*r. Calculate x(-4).
2
Let i(l) = -l**2 - 14*l - 21. Let n be i(-12). Let g(f) = -2*f**3 - n*f**2 + 1 + f**2 + 2179*f - 2181*f. Determine g(-2).
13
Suppose 0 = 13*t - 18*t - 25. Let d(k) = -k**2 - 3*k + 6. Calculate d(t).
-4
Let g(w) = w**2 + 8*w + 9. Let r be g(-6). Let v be (4 - (-12)/r)*1. Let y(x) = -x**2 - 18. Determine y(v).
-18
Suppose -4*s + 4*d - 1 + 5 = 0, -s + 2*d = 0. Let g(k) = -78*k + k**3 + 77*k + 3 + 0 - 5*k**s. Determine g(5).
-2
Suppose -2*b + 2*y = -0*y + 2, 0 = 5*b - 4*y. Suppose -4*m - 16 = -4*s + m, 3*s = -m + 12. Let u(l) = 0 + s - 4*l + 2. Give u(b).
-10
Let o(t) = t**3 - 4*t. Let q be 2/(-1) + -7 + 66/11. Calculate o(q).
-15
Let a(f) = -8*f + 17. Let q(d) = 13*d - 27. Let r(z) = 8*a(z) + 5*q(z). Suppose -2*w + 2*i + 36 = -7*w, i = w + 10. Calculate r(w).
-7
Let v be 6/(-33) + (-24)/(-11). Suppose v*b = -6*b + 48. Let i(w) = w**2 - 8*w - 8. Let f(j) = j**2 - 7*j - 7. Let k(l) = -3*f(l) + 2*i(l). What is k(b)?
-1
Let i(m) = -5*m + 1. Suppose -3*q = 9, 0 = 5*s - 5*q - 20 - 55. Suppose -4*h - 7 = 3*j - 27, 0 = -3*j + s. Suppose 0 = -2*f + f - h. Give i(f).
11
Let v(c) be the second derivative of -c**6/360 + 7*c**5/120 + 5*c**4/24 - 11*c**3/6 - 4*c. Let p(h) be the second derivative of v(h). Give p(7).
5
Let i(x) be the third derivative of 5*x**4/12 + 32*x**2. Determine i(1).
10
Let d(o) = o - 10. Let l(z) = z**3 - 7*z**2 - 15*z + 12. Let n be l(5). Let h = 126 + n. Calculate d(h).
3
Let j(i) = 2*i**3 - i**2 - i - 4. Suppose 3*z - 5 = 4*p, 4*p - z = z - 6. Calculate j(p).
-22
Let c(w) = -2*w**2 + 9*w - 6. Let b be c(3). Let r(d) = -19 + b*d - 19 + 44. Determine r(-4).
-6
Let t(k) = k + 8. Suppose -8 = 11*r - 10*r + d, 2*r + 4*d = -20. Calculate t(r).
2
Let c(u) = u**2 - 6*u + 3. Let b be (-2 + 4)/((-2)/(-4)). Suppose 4*f = -4, 2*k - 16 + 1 = -3*f. Suppose b - k = -h. Calculate c(h).
-2
Let j(h) = -4*h**2 - 22 - h + h**3 + 47 - 21 - 3*h**2. Calculate j(7).
-3
Let g(i) be the first derivative of -i**3/3 - 6*i**2 + 16*i + 401. Determine g(-13).
3
Suppose 5*c + 2*u - 76 = 0, 2*u + 47 = 4*c - u. Let m(a) = 4*a + 8 - 6*a**2 + a**3 - 10*a - c. Calculate m(7).
1
Let s be (22/(2 + -4))/1. Let v(k) = 13*k - 1. Let z(b) = -24*b + 2. Let o(c) = s*v(c) - 6*z(c). What is o(0)?
-1
Let o(p) = -p - 16. Let j(b) = 10 - 8 + 5 + 8 + b. Let g(f) = -3*j(f) - 4*o(f). Calculate g(0).
19
Let r(n) = n**2. Let h be (-80)/(-6)*3/(-2). Let q be 8/5 - 8/h. Suppose -3*f - q = -8. What is r(f)?
4
Let m(p) = 2*p + 21. Let f be m(-7). Let b(o) = -o**2 + 5*o - 7. Determine b(f).
-21
Suppose -5*b = -0*b + 30. Let o(c) = -c**3 - c**2 + c - 1. Let r(f) = 3*f**3 - 2*f**2 - 4*f + 6. Let n(g) = 4*o(g) + r(g). Give n(b).
2
Let f = -25 + 28. Let g be 0 - (-3 + 3/f). Let v(j) be the first derivative of -j**4/4 + j**3/3 + j**2/2 - 1. What is v(g)?
-2
Suppose 18 = -0*u + 3*u. Let b(r) = 6 - u*r + 7*r - 7. Let j be (-8)/(-5) + (-4)/(-10). Give b(j).
1
Let s(z) be the first derivative of -5*z**2/2 - 2*z - 174. Calculate s(-1).
3
Let s(o) be the third derivative of -o**7/2520 + o**6/90 + o**5/60 + o**4/2 + 6*o**2. Let w(l) be the second derivative of s(l). Give w(8).
2
Let n(j) = j**3 + 4*j**2 + 4*j + 4. Let v be n(-3). Let x be 13*(2 + v + -4). Let b = 14 + x. Let p(i) = -8*i + 1. What is p(b)?
-7
Let c(l) = -116*l + 33*l + l**2 + 40*l + 37*l. Give c(8).
16
Let x(d) = -5*d**2 - 7*d - 4. Let t(f) = 6*f**2 + 7*f + 4. Let o(j) = 4*t(j) + 5*x(j). Let w(h) = -5*h**2 - 3*h + 2. Let q be w(1). Give o(q).
2
Let o(x) = -2*x**3 - 17*x**2 - 5*x - 18. Let c be ((9/3)/(-3) - -3) + -7. Let b(j) = j**3 + 8*j**2 + 3*j + 9. Let i(q) = c*b(q) - 2*o(q). Give i(-6).
21
Let g = -3 - 2. Let i(h) = h**3 + 4*h**2 + h + 9. Let l be (16/6)/(4/(-6)). Let m(p) = p**3 + 4*p**2 + 8. Let k(c) = l*i(c) + 5*m(c). Determine k(g).
-1
Let v(f) = -f**2 + f + 30. Let j = -1607 + 1607. What is v(j)?
30
Suppose 3*d = -2*o + 19, 2*o + 4*d - 24 = -0*d. Let y(j) = -o - 4 + j + 0. Let m = -162 - -168. Calculate y(m).
0
Let s be 2/8 + (-912)/64. Let n = -12 - s. Let v(j) = j**2 - 5*j**2 + j**3 + 0*j**n + 3*j + 3. Give v(3).
3
Let b(v) = v + 4. Suppose 4*w - 68 = 3*g + g, -2*w + 35 = -g. Suppose 2*h - w*h = -64. Calculate b(h).
8
Let a(d) = -18*d - 2. Let j(p) = p**2 + 18*p + 16. Let l be j(-17). Give a(l).
16
Suppose -3*c = d, 1 + 2 = 3*c. Let a be -1 + -2*d/(-6). Let b(z) = 2*z - 2. Give b(a).
-6
Let k(g) = -8*g - 1 - 2 + 5*g. Let v(n) = 4*n + 17. Let f be v(-5). Determine k(f).
6
Let o(r) = 2*r - 2. Let v(z) = -15*z + 30. Let d(i) = -30*o(i) - 2*v(i). Give d(1).
-30
Let u(l) be the third derivative of l**7/140 + 19*l**4/24 + 11*l**2. Let k(a) be the second derivative of u(a). What is k(-1)?
18
Let n(y) = -y**3 + 4*y**2 - 2*y - 1. Let z(s) = -s**2 + 2*s + 8. Let u be z(3). Suppose 5*g = -u*o, 5*g + 0*o - 40 = 5*o. Give n(g).
-9
Let p(b) = b + 7. Let l(q) be the second derivative of q**4/12 - 2*q**3 + 35*q**2/2 + q. Let k be l(9). Determine p(k).
15
Let m(v) be the third derivative of -v**5/15 + v**4/8 + v**3/3 - 3*v**2 - 20. What is m(-1)?
-5
Let l(p) be the second derivative of p**3/3 + 3*p**2 - 3*p. Let f(q) = q**2 + 15*q - 21. Let d be f(-16). What is l(d)?
-4
Suppose 3*s + 2*s + 15 = 0. Let m(i) be the first derivative of i**4/4 + 4*i**3/3 + 3*i**2/2 + 668. What is m(s)?
0
Let y(a) = a + 1. Suppose -54*n + 355 = 31. What is y(n)?
7
Suppose 9*p - 4 = 11*p. Let z(v) = -v + 7. Give z(p).
9
Let w(g) = 4*g**3 - 7*g**2 - 3*g - 10. Let f(p) = -p**3 + p + 1. Let i(r) = 3*f(r) + w(r). Give i(7).
-7
Let d(a) = -2*a - 1. Let z be 3 - 1/((-2)/6). Let w(o) = o. Let x be w(z). Determine d(x).
-13
Let i(b) be the second derivative of 2*b + 0 + 0*b**2 + 1/120*b**5 - 5/6*b**3 + 0*b**4. Let y(l) be the second derivative of i(l). What is y(-2)?
-2
Let i(n) = -n**3 + 8*n**2 + 2*n - 12. Let g(s) = s + 14. Let f be g(-6). Calculate i(f).
4
Suppose 14*s = 10*s + 12. Let m be s/(-4) + (-2)/8. Let p(c) = 2*c**2 - c**2 + 3*c + 1 - c. What is p(m)?
0
Let l(c) be the first derivative of -c**3/3 + 8*c**2 - 32*c - 383. Calculate l(13).
7
Let a(q) = 2*q**2 - 6*q + 6. Suppose -4*t + 5*o = -11, 5*t - o - 15 = 4*o. Determine a(t).
14
Let c(i) be the second derivative of -i**5/20 + i**4/2 + i**3/2 + 7*i**2/2 + i - 99. Calculate c(7).
-21
Let w(r) = 2*r**3 + 6*r**2 + 8*r + 2. Suppose -42*u - 68 = 16. What is w(u)?
-6
Suppose -2*z = -4*b - 0*b + 314, 2*b - 172 = 4*z. Let a(s) = -2*s - 3 + 72*s**2 + 2 + s**3 - b*s**2. Let j be (-8)/(-14) + 192/56. Calculate a(j).
-9
Suppose 0 = -5*u - 4*y - 10, -u + 3*u - 5*y = 29. Let b = -4 + 6. Let c(t) = t - 2*t - 2*t**u + 0*t - b*t. Calculate c(-2).
-2
Let g(t) = -14*t. Let x(n) = -7*n - 183. Let h be x(-26). What is g(h)?
14
Let y be (-2)/(6/(-15)) + -2. Let x(k) = -7*k**2 - 4*k + 10*k**2 - 1 + k**2 + k**2 - k**y. Determine x(3).
5
Let l(z) be the third derivative of z**5/30 + z**4/8 + 5*z**3/6 + 2*z**2 - 18*z. Give l(-2).
7
Suppose -82*t + 109*t - 81 = 0. Let p(q) = 7*q - 10. Calculate p(t).
11
Let s(q) be the second derivative of -q**8/6720 + q**7/504 - q**6/240 - q**5/24 - 5*q**4/4 + 8*q. Let b(u) be the third derivative of s(u). Give b(4).
-1
Let h(d) = 9*d + 415. Let f be h(-46). Let c(t) = 8*t**2 - 2*t + 2. What is c(f)?
8
Suppose -2*x + 0*x = 3*b - 6, 3*x + b = 16. Let s(u) = -u + 2. Let c be s(-2). Let v(y) = -x*y - c + 6*y**2 + 13*y + 3*y - 5*y + y**3. Determine v(-5).
-4
Suppose -5*t 